{"id":3132,"date":"2022-11-19T11:16:21","date_gmt":"2022-11-19T10:16:21","guid":{"rendered":"https:\/\/octogone-trading.com\/oto\/?page_id=3132"},"modified":"2022-12-28T10:34:59","modified_gmt":"2022-12-28T09:34:59","slug":"carriere","status":"publish","type":"page","link":"https:\/\/octogone-trading.com\/oto\/carriere\/","title":{"rendered":"Carri\u00e8re"},"content":{"rendered":"<p>[vc_row full_width=\u00a0\u00bbstretch_row_content_no_spaces\u00a0\u00bb css=\u00a0\u00bb.vc_custom_1668535262088{margin-top: -60px !important;}\u00a0\u00bb][vc_column][vc_single_image image=\u00a0\u00bb3180&Prime; img_size=\u00a0\u00bbfull\u00a0\u00bb alignment=\u00a0\u00bbcenter\u00a0\u00bb image_hovers=\u00a0\u00bbfalse\u00a0\u00bb][\/vc_column][\/vc_row][vc_row][vc_column][vc_column_text]<\/p>\n<p style=\"text-align: justify;\">Soyez convaincus de notre sinc\u00e8re gratitude \u00e0 votre \u00e9gard, de l\u2019int\u00e9r\u00eat que vous t\u00e9moignez \u00e0 Octogone. De l\u2019adage \u2018\u2018 Il n\u2019y a de richesse que d\u2019Homme\u2019\u2019 tirons-nous la valeur de nos vaillants hommes et femmes qui contribuent avec engagement aux succ\u00e8s de nos activit\u00e9s. Nous vous accueillons dans notre famille, et vous offrons la possibilit\u00e9 d\u2019y faire carri\u00e8re. Si vous partagez nos valeurs et souhaitez rejoindre notre grande famille, merci de nous faire part de votre d\u00e9sir \u00e0 travers votre CV et votre lettre de motivation, en pr\u00e9cisant votre domaine d\u2019int\u00e9r\u00eat \u00e0 l\u2019adresse suivante : <strong>secretariat@octogone-trading.com<\/strong><\/p>\n<p style=\"text-align: justify;\">Nous remercions tous les candidats qui nous feront parvenir leurs profils, mais compte tenu du grand nombre de candidatures qui nous parviennent, il ne nous est malheureusement possible de joindre une suite qu\u2019aux candidats dont le profil correspond \u00e0 nos besoins. Nous saluons votre sens de compr\u00e9hension, et vous remercions par avance pour votre candidature.<\/p>\n<p>[\/vc_column_text][\/vc_column][\/vc_row]<\/p>\n","protected":false},"excerpt":{"rendered":"<p>[vc_row full_width=\u00a0\u00bbstretch_row_content_no_spaces\u00a0\u00bb css=\u00a0\u00bb.vc_custom_1668535262088{margin-top: -60px !important;}\u00a0\u00bb][vc_column][vc_single_image image=\u00a0\u00bb3180&Prime; img_size=\u00a0\u00bbfull\u00a0\u00bb alignment=\u00a0\u00bbcenter\u00a0\u00bb image_hovers=\u00a0\u00bbfalse\u00a0\u00bb][\/vc_column][\/vc_row][vc_row][vc_column][vc_column_text] Soyez convaincus de notre sinc\u00e8re gratitude \u00e0 votre \u00e9gard, de l\u2019int\u00e9r\u00eat que vous t\u00e9moignez \u00e0 Octogone. De l\u2019adage \u2018\u2018 Il n\u2019y a de richesse que d\u2019Homme\u2019\u2019 tirons-nous la valeur de nos vaillants hommes et femmes qui contribuent avec engagement aux succ\u00e8s de nos activit\u00e9s. Nous vous&hellip;<\/p>\n","protected":false},"author":1,"featured_media":0,"parent":0,"menu_order":0,"comment_status":"closed","ping_status":"closed","template":"","meta":{"footnotes":""},"class_list":["post-3132","page","type-page","status-publish","hentry","description-off"],"_links":{"self":[{"href":"https:\/\/octogone-trading.com\/oto\/wp-json\/wp\/v2\/pages\/3132","targetHints":{"allow":["GET"]}}],"collection":[{"href":"https:\/\/octogone-trading.com\/oto\/wp-json\/wp\/v2\/pages"}],"about":[{"href":"https:\/\/octogone-trading.com\/oto\/wp-json\/wp\/v2\/types\/page"}],"author":[{"embeddable":true,"href":"https:\/\/octogone-trading.com\/oto\/wp-json\/wp\/v2\/users\/1"}],"replies":[{"embeddable":true,"href":"https:\/\/octogone-trading.com\/oto\/wp-json\/wp\/v2\/comments?post=3132"}],"version-history":[{"count":14,"href":"https:\/\/octogone-trading.com\/oto\/wp-json\/wp\/v2\/pages\/3132\/revisions"}],"predecessor-version":[{"id":3181,"href":"https:\/\/octogone-trading.com\/oto\/wp-json\/wp\/v2\/pages\/3132\/revisions\/3181"}],"wp:attachment":[{"href":"https:\/\/octogone-trading.com\/oto\/wp-json\/wp\/v2\/media?parent=3132"}],"curies":[{"name":"wp","href":"https:\/\/api.w.org\/{rel}","templated":true}]}}